{"id":4499,"date":"2019-01-11T13:15:41","date_gmt":"2019-01-11T13:15:41","guid":{"rendered":"https:\/\/xstore.8theme.com\/demos\/2\/organic02\/?page_id=4499"},"modified":"2024-11-25T15:12:14","modified_gmt":"2024-11-25T15:12:14","slug":"about-us","status":"publish","type":"page","link":"https:\/\/dogalurunlermagazasi.com\/?page_id=4499","title":{"rendered":"Hakk\u0131m\u0131zda"},"content":{"rendered":"<div class=\"wpb-content-wrapper\"><p>[vc_row][vc_column width=&#8221;1\/2&#8243;][vc_single_image image=&#8221;4952&#8243; img_size=&#8221;full&#8221; alignment=&#8221;center&#8221; css=&#8221;.vc_custom_1732365790349{margin-bottom: 30px !important;}&#8221;][\/vc_column][vc_column width=&#8221;1\/2&#8243;][vc_column_text css=&#8221;&#8221;]Tarihi K\u00fctahya Kona\u011f\u0131 Do\u011fal \u00dcr\u00fcnler Ma\u011fazas\u0131, K\u00fctahya\u2019n\u0131n tarihi ve k\u00fclt\u00fcrel zenginliklerini yans\u0131tan e\u015fsiz bir konakta, geleneksel y\u00f6ntemlerle \u00fcretilen ev yap\u0131m\u0131 do\u011fal tarhana \u00fcr\u00fcn\u00fcd\u00fcr. Anadolu\u2019nun as\u0131rlard\u0131r s\u00fcregelen lezzet miras\u0131n\u0131 ya\u015fatma tutkusu ile yola \u00e7\u0131kan Do\u011fal \u00dcr\u00fcnler Ma\u011fazas\u0131, katk\u0131s\u0131z ve do\u011fal malzemeler kullan\u0131larak haz\u0131rlan\u0131r. Tarhanalar\u0131m\u0131z, her bir a\u015famas\u0131nda titizlikle i\u015flenerek hem lezzeti hem de sa\u011fl\u0131\u011f\u0131 sofralar\u0131n\u0131za ta\u015f\u0131yor.<\/p>\n<p>Sadece tarhana ile s\u0131n\u0131rl\u0131 kalmayan \u00fcr\u00fcn yelpazemizde, el yap\u0131m\u0131 eri\u015fte gibi di\u011fer do\u011fal ve geleneksel lezzetler de yer almaktad\u0131r. K\u00fctahya\u2019n\u0131n tarihi atmosferinden ilham alarak, ge\u00e7mi\u015fin zengin tatlar\u0131n\u0131 g\u00fcn\u00fcm\u00fcz sofralar\u0131na ula\u015ft\u0131rmay\u0131 ama\u00e7l\u0131yoruz. Do\u011fal \u00dcr\u00fcnler Ma\u011fazas\u0131 olarak, kaliteye verdi\u011fimiz \u00f6nem ve m\u00fc\u015fteri memnuniyeti anlay\u0131\u015f\u0131m\u0131zla, sizlere her zaman do\u011fal, lezzetli ve g\u00fcvenilir \u00fcr\u00fcnler sunmay\u0131 hedefliyoruz. Geleneksel Anadolu lezzetlerini ya\u015famak ve sevdiklerinizle payla\u015fmak i\u00e7in bizi tercih edin.[\/vc_column_text][\/vc_column][\/vc_row][vc_row full_width=&#8221;stretch_row&#8221; equal_height=&#8221;yes&#8221; content_placement=&#8221;middle&#8221; css=&#8221;.vc_custom_1547470824582{padding-top: 15px !important;padding-bottom: 18px !important;}&#8221;][vc_column width=&#8221;1\/2&#8243; css=&#8221;.vc_custom_1540279542230{padding-top: 20px !important;}&#8221; offset=&#8221;vc_col-lg-3 vc_col-md-3 vc_col-xs-6&#8243;][vc_row_inner equal_height=&#8221;yes&#8221; content_placement=&#8221;top&#8221; css=&#8221;.vc_custom_1547460762083{padding-right: 15px !important;}&#8221;][vc_column_inner width=&#8221;1\/3&#8243; css=&#8221;.vc_custom_1547470130578{padding-right: 0px !important;padding-left: 0px !important;}&#8221;][vc_single_image image=&#8221;4619&#8243; img_size=&#8221;56&#215;56&#8243; alignment=&#8221;center&#8221; css=&#8221;.vc_custom_1732193573077{margin-bottom: 20px !important;}&#8221;][\/vc_column_inner][vc_column_inner width=&#8221;2\/3&#8243; css=&#8221;.vc_custom_1547460839755{padding-right: 0px !important;padding-left: 15px !important;}&#8221;][vc_column_text css=&#8221;.vc_custom_1732193504194{margin-bottom: 18px !important;}&#8221;]<\/p>\n<h3 style=\"text-transform: uppercase; font-size: 14px; margin-bottom: 0px;\"><strong>H\u0131zl\u0131 teslimat<\/strong><\/h3>\n<p style=\"margin-top: 5px;\">An\u0131nda kargo ile saat 12:00&#8217;den \u00f6nce verdi\u011finiz sipari\u015fler ayn\u0131 g\u00fcn kargoya teslim edilir.<\/p>\n<p>[\/vc_column_text][\/vc_column_inner][\/vc_row_inner][\/vc_column][vc_column width=&#8221;1\/2&#8243; css=&#8221;.vc_custom_1540279552592{padding-top: 20px !important;}&#8221; offset=&#8221;vc_col-lg-3 vc_col-md-3 vc_col-xs-6&#8243;][vc_row_inner equal_height=&#8221;yes&#8221; content_placement=&#8221;top&#8221; css=&#8221;.vc_custom_1547460762083{padding-right: 15px !important;}&#8221;][vc_column_inner width=&#8221;1\/3&#8243; css=&#8221;.vc_custom_1547470130578{padding-right: 0px !important;padding-left: 0px !important;}&#8221;][vc_single_image image=&#8221;4616&#8243; img_size=&#8221;56&#215;56&#8243; alignment=&#8221;center&#8221; css=&#8221;.vc_custom_1547461034199{margin-bottom: 20px !important;}&#8221;][\/vc_column_inner][vc_column_inner width=&#8221;2\/3&#8243; css=&#8221;.vc_custom_1547460839755{padding-right: 0px !important;padding-left: 15px !important;}&#8221;][vc_column_text css=&#8221;.vc_custom_1732193179314{margin-bottom: 18px !important;}&#8221;]<\/p>\n<h3 style=\"text-transform: uppercase; font-size: 14px; margin-bottom: 0px;\"><strong>%100 Do\u011fal\u00a0<\/strong><\/h3>\n<p style=\"margin-top: 5px;\">T\u00fcm \u00fcr\u00fcnlerimiz katk\u0131s\u0131z, do\u011fal malzemelerle ve geleneksel y\u00f6ntemlerle haz\u0131rlan\u0131r.<\/p>\n<p>[\/vc_column_text][\/vc_column_inner][\/vc_row_inner][\/vc_column][vc_column width=&#8221;1\/2&#8243; css=&#8221;.vc_custom_1540279562369{padding-top: 20px !important;}&#8221; offset=&#8221;vc_col-lg-3 vc_col-md-3 vc_col-xs-6&#8243;][vc_row_inner equal_height=&#8221;yes&#8221; content_placement=&#8221;top&#8221; css=&#8221;.vc_custom_1547460766741{padding-right: 15px !important;}&#8221;][vc_column_inner width=&#8221;1\/3&#8243; css=&#8221;.vc_custom_1547470160098{padding-right: 0px !important;padding-left: 0px !important;}&#8221;][vc_single_image image=&#8221;4618&#8243; img_size=&#8221;56&#215;56&#8243; alignment=&#8221;center&#8221; css=&#8221;.vc_custom_1547461037804{margin-bottom: 20px !important;}&#8221;][\/vc_column_inner][vc_column_inner width=&#8221;2\/3&#8243; css=&#8221;.vc_custom_1547460847189{padding-right: 0px !important;padding-left: 15px !important;}&#8221;][vc_column_text css=&#8221;.vc_custom_1732193148159{margin-bottom: 18px !important;}&#8221;]<\/p>\n<h3 style=\"text-transform: uppercase; font-size: 14px; margin-bottom: 0px;\"><strong>Ev yap\u0131m\u0131<\/strong><\/h3>\n<p>Geleneksel tariflerle, evinizde yap\u0131lm\u0131\u015f gibi taze ve lezzetli \u00fcr\u00fcnler sunuyoruz.[\/vc_column_text][\/vc_column_inner][\/vc_row_inner][\/vc_column][vc_column width=&#8221;1\/2&#8243; offset=&#8221;vc_col-lg-3 vc_col-md-3 vc_col-xs-6&#8243; css=&#8221;.vc_custom_1540279571345{padding-top: 20px !important;}&#8221;][vc_row_inner equal_height=&#8221;yes&#8221; content_placement=&#8221;top&#8221; css=&#8221;.vc_custom_1547460772039{padding-right: 15px !important;}&#8221;][vc_column_inner width=&#8221;1\/3&#8243; css=&#8221;.vc_custom_1547470165228{padding-right: 0px !important;padding-left: 0px !important;}&#8221;][vc_single_image image=&#8221;4617&#8243; img_size=&#8221;56&#215;56&#8243; alignment=&#8221;center&#8221; css=&#8221;.vc_custom_1547461040921{margin-bottom: 20px !important;}&#8221;][\/vc_column_inner][vc_column_inner width=&#8221;2\/3&#8243; css=&#8221;.vc_custom_1547460852782{padding-right: 0px !important;padding-left: 15px !important;}&#8221;][vc_column_text css=&#8221;.vc_custom_1732193099924{margin-bottom: 18px !important;}&#8221;]<\/p>\n<h3 style=\"text-transform: uppercase; font-size: 14px; margin-bottom: 0px;\"><strong>G\u00fcvenli al\u0131\u015fveri\u015f<\/strong><\/h3>\n<p>256-bit SSL koruma ile g\u00fcvenli \u00f6deme altyap\u0131s\u0131 sunuyoruz. T\u00fcm al\u0131\u015fveri\u015flerinizde bilgileriniz g\u00fcvende.[\/vc_column_text][\/vc_column_inner][\/vc_row_inner][\/vc_column][\/vc_row]<\/p>\n<\/div>","protected":false},"excerpt":{"rendered":"<p>[vc_row][vc_column width=&#8221;1\/2&#8243;][vc_single_image image=&#8221;4952&#8243; img_size=&#8221;full&#8221; alignment=&#8221;center&#8221; css=&#8221;.vc_custom_1732365790349{margin-bottom: 30px !important;}&#8221;][\/vc_column][vc_column width=&#8221;1\/2&#8243;][vc_column_text css=&#8221;&#8221;]Tarihi K\u00fctahya Kona\u011f\u0131 Do\u011fal \u00dcr\u00fcnler Ma\u011fazas\u0131, K\u00fctahya\u2019n\u0131n tarihi ve k\u00fclt\u00fcrel zenginliklerini yans\u0131tan e\u015fsiz bir konakta, geleneksel y\u00f6ntemlerle \u00fcretilen ev yap\u0131m\u0131 do\u011fal tarhana \u00fcr\u00fcn\u00fcd\u00fcr. Anadolu\u2019nun as\u0131rlard\u0131r s\u00fcregelen lezzet miras\u0131n\u0131 ya\u015fatma tutkusu ile yola \u00e7\u0131kan Do\u011fal \u00dcr\u00fcnler Ma\u011fazas\u0131,<\/p>\n","protected":false},"author":1,"featured_media":0,"parent":0,"menu_order":0,"comment_status":"closed","ping_status":"closed","template":"","meta":{"footnotes":""},"class_list":["post-4499","page","type-page","status-publish","hentry"],"yoast_head":"<!-- This site is optimized with the Yoast SEO plugin v25.6 - https:\/\/yoast.com\/wordpress\/plugins\/seo\/ -->\n<title>Hakk\u0131m\u0131zda - Do\u011fal \u00dcr\u00fcnler Ma\u011fazas\u0131<\/title>\n<meta name=\"robots\" content=\"index, follow, max-snippet:-1, max-image-preview:large, max-video-preview:-1\" \/>\n<link rel=\"canonical\" href=\"https:\/\/dogalurunlermagazasi.com\/?page_id=4499\" \/>\n<meta property=\"og:locale\" content=\"tr_TR\" \/>\n<meta property=\"og:type\" content=\"article\" \/>\n<meta property=\"og:title\" content=\"Hakk\u0131m\u0131zda - Do\u011fal \u00dcr\u00fcnler Ma\u011fazas\u0131\" \/>\n<meta property=\"og:description\" content=\"[vc_row][vc_column width=&#8221;1\/2&#8243;][vc_single_image image=&#8221;4952&#8243; img_size=&#8221;full&#8221; alignment=&#8221;center&#8221; css=&#8221;.vc_custom_1732365790349{margin-bottom: 30px !important;}&#8221;][\/vc_column][vc_column width=&#8221;1\/2&#8243;][vc_column_text css=&#8221;&#8221;]Tarihi K\u00fctahya Kona\u011f\u0131 Do\u011fal \u00dcr\u00fcnler Ma\u011fazas\u0131, K\u00fctahya\u2019n\u0131n tarihi ve k\u00fclt\u00fcrel zenginliklerini yans\u0131tan e\u015fsiz bir konakta, geleneksel y\u00f6ntemlerle \u00fcretilen ev yap\u0131m\u0131 do\u011fal tarhana \u00fcr\u00fcn\u00fcd\u00fcr. Anadolu\u2019nun as\u0131rlard\u0131r s\u00fcregelen lezzet miras\u0131n\u0131 ya\u015fatma tutkusu ile yola \u00e7\u0131kan Do\u011fal \u00dcr\u00fcnler Ma\u011fazas\u0131,\" \/>\n<meta property=\"og:url\" content=\"https:\/\/dogalurunlermagazasi.com\/?page_id=4499\" \/>\n<meta property=\"og:site_name\" content=\"Do\u011fal \u00dcr\u00fcnler Ma\u011fazas\u0131\" \/>\n<meta property=\"article:modified_time\" content=\"2024-11-25T15:12:14+00:00\" \/>\n<meta name=\"twitter:card\" content=\"summary_large_image\" \/>\n<meta name=\"twitter:label1\" content=\"Tahmini okuma s\u00fcresi\" \/>\n\t<meta name=\"twitter:data1\" content=\"4 dakika\" \/>\n<script type=\"application\/ld+json\" class=\"yoast-schema-graph\">{\"@context\":\"https:\/\/schema.org\",\"@graph\":[{\"@type\":\"WebPage\",\"@id\":\"https:\/\/dogalurunlermagazasi.com\/?page_id=4499\",\"url\":\"https:\/\/dogalurunlermagazasi.com\/?page_id=4499\",\"name\":\"Hakk\u0131m\u0131zda - Do\u011fal \u00dcr\u00fcnler Ma\u011fazas\u0131\",\"isPartOf\":{\"@id\":\"https:\/\/dogalurunlermagazasi.com\/#website\"},\"datePublished\":\"2019-01-11T13:15:41+00:00\",\"dateModified\":\"2024-11-25T15:12:14+00:00\",\"breadcrumb\":{\"@id\":\"https:\/\/dogalurunlermagazasi.com\/?page_id=4499#breadcrumb\"},\"inLanguage\":\"tr\",\"potentialAction\":[{\"@type\":\"ReadAction\",\"target\":[\"https:\/\/dogalurunlermagazasi.com\/?page_id=4499\"]}]},{\"@type\":\"BreadcrumbList\",\"@id\":\"https:\/\/dogalurunlermagazasi.com\/?page_id=4499#breadcrumb\",\"itemListElement\":[{\"@type\":\"ListItem\",\"position\":1,\"name\":\"Anasayfa\",\"item\":\"https:\/\/dogalurunlermagazasi.com\/\"},{\"@type\":\"ListItem\",\"position\":2,\"name\":\"Hakk\u0131m\u0131zda\"}]},{\"@type\":\"WebSite\",\"@id\":\"https:\/\/dogalurunlermagazasi.com\/#website\",\"url\":\"https:\/\/dogalurunlermagazasi.com\/\",\"name\":\"Do\u011fal \u00dcr\u00fcnler Ma\u011fazas\u0131\",\"description\":\"Tarihi K\u00fctahya Kona\u011f\u0131\",\"publisher\":{\"@id\":\"https:\/\/dogalurunlermagazasi.com\/#organization\"},\"potentialAction\":[{\"@type\":\"SearchAction\",\"target\":{\"@type\":\"EntryPoint\",\"urlTemplate\":\"https:\/\/dogalurunlermagazasi.com\/?s={search_term_string}\"},\"query-input\":{\"@type\":\"PropertyValueSpecification\",\"valueRequired\":true,\"valueName\":\"search_term_string\"}}],\"inLanguage\":\"tr\"},{\"@type\":\"Organization\",\"@id\":\"https:\/\/dogalurunlermagazasi.com\/#organization\",\"name\":\"Do\u011fal \u00dcr\u00fcnler Ma\u011fazas\u0131\",\"url\":\"https:\/\/dogalurunlermagazasi.com\/\",\"logo\":{\"@type\":\"ImageObject\",\"inLanguage\":\"tr\",\"@id\":\"https:\/\/dogalurunlermagazasi.com\/#\/schema\/logo\/image\/\",\"url\":\"https:\/\/dogalurunlermagazasi.com\/wp-content\/uploads\/2024\/11\/tarihikutahyakonagitarhana-e1732798681447.png\",\"contentUrl\":\"https:\/\/dogalurunlermagazasi.com\/wp-content\/uploads\/2024\/11\/tarihikutahyakonagitarhana-e1732798681447.png\",\"width\":160,\"height\":160,\"caption\":\"Do\u011fal \u00dcr\u00fcnler Ma\u011fazas\u0131\"},\"image\":{\"@id\":\"https:\/\/dogalurunlermagazasi.com\/#\/schema\/logo\/image\/\"},\"sameAs\":[\"https:\/\/www.instagram.com\/dogalurunlermagazasi\"]}]}<\/script>\n<!-- \/ Yoast SEO plugin. -->","yoast_head_json":{"title":"Hakk\u0131m\u0131zda - Do\u011fal \u00dcr\u00fcnler Ma\u011fazas\u0131","robots":{"index":"index","follow":"follow","max-snippet":"max-snippet:-1","max-image-preview":"max-image-preview:large","max-video-preview":"max-video-preview:-1"},"canonical":"https:\/\/dogalurunlermagazasi.com\/?page_id=4499","og_locale":"tr_TR","og_type":"article","og_title":"Hakk\u0131m\u0131zda - Do\u011fal \u00dcr\u00fcnler Ma\u011fazas\u0131","og_description":"[vc_row][vc_column width=&#8221;1\/2&#8243;][vc_single_image image=&#8221;4952&#8243; img_size=&#8221;full&#8221; alignment=&#8221;center&#8221; css=&#8221;.vc_custom_1732365790349{margin-bottom: 30px !important;}&#8221;][\/vc_column][vc_column width=&#8221;1\/2&#8243;][vc_column_text css=&#8221;&#8221;]Tarihi K\u00fctahya Kona\u011f\u0131 Do\u011fal \u00dcr\u00fcnler Ma\u011fazas\u0131, K\u00fctahya\u2019n\u0131n tarihi ve k\u00fclt\u00fcrel zenginliklerini yans\u0131tan e\u015fsiz bir konakta, geleneksel y\u00f6ntemlerle \u00fcretilen ev yap\u0131m\u0131 do\u011fal tarhana \u00fcr\u00fcn\u00fcd\u00fcr. Anadolu\u2019nun as\u0131rlard\u0131r s\u00fcregelen lezzet miras\u0131n\u0131 ya\u015fatma tutkusu ile yola \u00e7\u0131kan Do\u011fal \u00dcr\u00fcnler Ma\u011fazas\u0131,","og_url":"https:\/\/dogalurunlermagazasi.com\/?page_id=4499","og_site_name":"Do\u011fal \u00dcr\u00fcnler Ma\u011fazas\u0131","article_modified_time":"2024-11-25T15:12:14+00:00","twitter_card":"summary_large_image","twitter_misc":{"Tahmini okuma s\u00fcresi":"4 dakika"},"schema":{"@context":"https:\/\/schema.org","@graph":[{"@type":"WebPage","@id":"https:\/\/dogalurunlermagazasi.com\/?page_id=4499","url":"https:\/\/dogalurunlermagazasi.com\/?page_id=4499","name":"Hakk\u0131m\u0131zda - Do\u011fal \u00dcr\u00fcnler Ma\u011fazas\u0131","isPartOf":{"@id":"https:\/\/dogalurunlermagazasi.com\/#website"},"datePublished":"2019-01-11T13:15:41+00:00","dateModified":"2024-11-25T15:12:14+00:00","breadcrumb":{"@id":"https:\/\/dogalurunlermagazasi.com\/?page_id=4499#breadcrumb"},"inLanguage":"tr","potentialAction":[{"@type":"ReadAction","target":["https:\/\/dogalurunlermagazasi.com\/?page_id=4499"]}]},{"@type":"BreadcrumbList","@id":"https:\/\/dogalurunlermagazasi.com\/?page_id=4499#breadcrumb","itemListElement":[{"@type":"ListItem","position":1,"name":"Anasayfa","item":"https:\/\/dogalurunlermagazasi.com\/"},{"@type":"ListItem","position":2,"name":"Hakk\u0131m\u0131zda"}]},{"@type":"WebSite","@id":"https:\/\/dogalurunlermagazasi.com\/#website","url":"https:\/\/dogalurunlermagazasi.com\/","name":"Do\u011fal \u00dcr\u00fcnler Ma\u011fazas\u0131","description":"Tarihi K\u00fctahya Kona\u011f\u0131","publisher":{"@id":"https:\/\/dogalurunlermagazasi.com\/#organization"},"potentialAction":[{"@type":"SearchAction","target":{"@type":"EntryPoint","urlTemplate":"https:\/\/dogalurunlermagazasi.com\/?s={search_term_string}"},"query-input":{"@type":"PropertyValueSpecification","valueRequired":true,"valueName":"search_term_string"}}],"inLanguage":"tr"},{"@type":"Organization","@id":"https:\/\/dogalurunlermagazasi.com\/#organization","name":"Do\u011fal \u00dcr\u00fcnler Ma\u011fazas\u0131","url":"https:\/\/dogalurunlermagazasi.com\/","logo":{"@type":"ImageObject","inLanguage":"tr","@id":"https:\/\/dogalurunlermagazasi.com\/#\/schema\/logo\/image\/","url":"https:\/\/dogalurunlermagazasi.com\/wp-content\/uploads\/2024\/11\/tarihikutahyakonagitarhana-e1732798681447.png","contentUrl":"https:\/\/dogalurunlermagazasi.com\/wp-content\/uploads\/2024\/11\/tarihikutahyakonagitarhana-e1732798681447.png","width":160,"height":160,"caption":"Do\u011fal \u00dcr\u00fcnler Ma\u011fazas\u0131"},"image":{"@id":"https:\/\/dogalurunlermagazasi.com\/#\/schema\/logo\/image\/"},"sameAs":["https:\/\/www.instagram.com\/dogalurunlermagazasi"]}]}},"jetpack_sharing_enabled":true,"_links":{"self":[{"href":"https:\/\/dogalurunlermagazasi.com\/index.php?rest_route=\/wp\/v2\/pages\/4499","targetHints":{"allow":["GET"]}}],"collection":[{"href":"https:\/\/dogalurunlermagazasi.com\/index.php?rest_route=\/wp\/v2\/pages"}],"about":[{"href":"https:\/\/dogalurunlermagazasi.com\/index.php?rest_route=\/wp\/v2\/types\/page"}],"author":[{"embeddable":true,"href":"https:\/\/dogalurunlermagazasi.com\/index.php?rest_route=\/wp\/v2\/users\/1"}],"replies":[{"embeddable":true,"href":"https:\/\/dogalurunlermagazasi.com\/index.php?rest_route=%2Fwp%2Fv2%2Fcomments&post=4499"}],"version-history":[{"count":4,"href":"https:\/\/dogalurunlermagazasi.com\/index.php?rest_route=\/wp\/v2\/pages\/4499\/revisions"}],"predecessor-version":[{"id":5000,"href":"https:\/\/dogalurunlermagazasi.com\/index.php?rest_route=\/wp\/v2\/pages\/4499\/revisions\/5000"}],"wp:attachment":[{"href":"https:\/\/dogalurunlermagazasi.com\/index.php?rest_route=%2Fwp%2Fv2%2Fmedia&parent=4499"}],"curies":[{"name":"wp","href":"https:\/\/api.w.org\/{rel}","templated":true}]}}